{"id":123,"date":"2018-07-19T14:11:00","date_gmt":"2018-07-19T14:11:00","guid":{"rendered":"http:\/\/www.neoxal.com\/?page_id=123"},"modified":"2026-02-11T12:04:26","modified_gmt":"2026-02-11T12:04:26","slug":"neoxal-reload-sealant-regenerujacy","status":"publish","type":"page","link":"http:\/\/neoxal.com\/?page_id=123&lang=pl","title":{"rendered":"NEOXAL RELOAD -sealant regeneruj\u0105cy"},"content":{"rendered":"\t\t<div data-elementor-type=\"wp-post\" data-elementor-id=\"123\" class=\"elementor elementor-123\">\n\t\t\t\t\t\t<section class=\"elementor-section elementor-top-section elementor-element elementor-element-5f50e69 elementor-section-boxed elementor-section-height-default elementor-section-height-default\" data-id=\"5f50e69\" data-element_type=\"section\" data-settings=\"{&quot;background_background&quot;:&quot;classic&quot;}\">\n\t\t\t\t\t\t<div class=\"elementor-container elementor-column-gap-default\">\n\t\t\t\t\t<div class=\"elementor-column elementor-col-50 elementor-top-column elementor-element elementor-element-abb84cc\" data-id=\"abb84cc\" data-element_type=\"column\">\n\t\t\t<div class=\"elementor-widget-wrap elementor-element-populated\">\n\t\t\t\t\t\t<div class=\"elementor-element elementor-element-7cdb026 elementor-invisible elementor-widget elementor-widget-image\" data-id=\"7cdb026\" data-element_type=\"widget\" data-settings=\"{&quot;_animation&quot;:&quot;zoomIn&quot;}\" data-widget_type=\"image.default\">\n\t\t\t\t<div class=\"elementor-widget-container\">\n\t\t\t\t\t\t\t\t\t\t\t\t\t<img fetchpriority=\"high\" decoding=\"async\" width=\"1024\" height=\"725\" src=\"http:\/\/neoxal.com\/wp-content\/uploads\/2022\/02\/Reload-1.61-1024x725.jpg\" class=\"attachment-large size-large wp-image-1810\" alt=\"\" srcset=\"http:\/\/neoxal.com\/wp-content\/uploads\/2022\/02\/Reload-1.61-1024x725.jpg 1024w, http:\/\/neoxal.com\/wp-content\/uploads\/2022\/02\/Reload-1.61-300x213.jpg 300w, http:\/\/neoxal.com\/wp-content\/uploads\/2022\/02\/Reload-1.61-768x544.jpg 768w, http:\/\/neoxal.com\/wp-content\/uploads\/2022\/02\/Reload-1.61.jpg 1200w\" sizes=\"(max-width: 1024px) 100vw, 1024px\" \/>\t\t\t\t\t\t\t\t\t\t\t\t\t<\/div>\n\t\t\t\t<\/div>\n\t\t\t\t<div class=\"elementor-element elementor-element-9067724 elementor-align-center elementor-widget elementor-widget-button\" data-id=\"9067724\" data-element_type=\"widget\" data-widget_type=\"button.default\">\n\t\t\t\t<div class=\"elementor-widget-container\">\n\t\t\t\t\t<div class=\"elementor-button-wrapper\">\n\t\t\t<a class=\"elementor-button elementor-button-link elementor-size-sm elementor-animation-shrink\" href=\"https:\/\/allegro.pl\/oferta\/neoxal-1-61-reload-50-ml-zestaw-rozbudowany-14262042808\">\n\t\t\t\t\t\t<span class=\"elementor-button-content-wrapper\">\n\t\t\t\t\t\t<span class=\"elementor-button-icon\">\n\t\t\t\t<i aria-hidden=\"true\" class=\"fas fa-shopping-cart\"><\/i>\t\t\t<\/span>\n\t\t\t\t\t\t\t\t\t<span class=\"elementor-button-text\">50 ml<\/span>\n\t\t\t\t\t<\/span>\n\t\t\t\t\t<\/a>\n\t\t<\/div>\n\t\t\t\t<\/div>\n\t\t\t\t<\/div>\n\t\t\t\t\t<\/div>\n\t\t<\/div>\n\t\t\t\t<div class=\"elementor-column elementor-col-50 elementor-top-column elementor-element elementor-element-571f6b0\" data-id=\"571f6b0\" data-element_type=\"column\" data-settings=\"{&quot;background_background&quot;:&quot;classic&quot;}\">\n\t\t\t<div class=\"elementor-widget-wrap elementor-element-populated\">\n\t\t\t\t\t\t<div class=\"elementor-element elementor-element-c3b37d7 elementor-widget elementor-widget-heading\" data-id=\"c3b37d7\" data-element_type=\"widget\" data-widget_type=\"heading.default\">\n\t\t\t\t<div class=\"elementor-widget-container\">\n\t\t\t<h2 class=\"elementor-heading-title elementor-size-default\">1.61 Nano ceramic Reload<\/h2>\t\t<\/div>\n\t\t\t\t<\/div>\n\t\t\t\t<div class=\"elementor-element elementor-element-6ba50cf elementor-widget elementor-widget-text-editor\" data-id=\"6ba50cf\" data-element_type=\"widget\" data-widget_type=\"text-editor.default\">\n\t\t\t\t<div class=\"elementor-widget-container\">\n\t\t\t\t\t\t\t<p>Ze wzgl\u0119du na skuteczno\u015b\u0107, w\u0142a\u015bciwo\u015bci, \u0142atwo\u015b\u0107 aplikacji i trwa\u0142o\u015b\u0107 to jeden z najlepszych tego typu produkt\u00f3w na rynku.<br \/>Nadaje si\u0119 do stosowania jako samodzielna pow\u0142oka o trwa\u0142o\u015bci 12 miesi\u0119cy.<br \/>Zawiera liquid\/ \u017cywic\u0119 Neoxal 1,61 Coating, dlatego wzmacnia j\u0105, uzupe\u0142nia ubytki i maskuje zarysowania.<br \/>Podnosi hydrofobowo\u015b\u0107 i wspomaga w\u0142a\u015bciwo\u015bci antyadhezyjne.<\/p><p>Konserwuje i zabezpiecza przed:<br \/>&#8211; ptasim guano<br \/>&#8211; drobnymi zarysowaniami<br \/>&#8211; promieniowaniem UV<br \/>&#8211; kwa\u015bnym deszczem<br \/>&#8211; sokami z drzew<br \/>&#8211; sol\u0105 drogow\u0105<br \/>&#8211; brudem komunikacyjnym i innymi zanieczyszczeniami, nawet z trakcji kolejowej!<\/p><p>Zalecane stosowanie co 12 miesi\u0119cy.<\/p><p>Spos\u00f3b stosowania:<br \/>Zabezpieczana powierzchnia powinna by\u0107 czysta.<br \/>Nie stosowa\u0107 w pe\u0142nym s\u0142o\u0144cu i na nagrzane powierzchnie.<br \/>Temperatura pracy: 10\u00b0C do 25\u00b0 C<br \/>Nanie\u015b\u0107 preparat na mikrofibr\u0119 ( 3, 4 psiukni\u0119cia lub 10 kropli na aplikator).<br \/>R\u00f3wnomiernie rozprowad\u017a na mokr\u0105 zabezpieczan\u0105 powierzchni\u0119.<br \/>Po chwili dotrze\u0107 such\u0105 mikrofibr\u0105.<br \/>Przez minimum 4 godziny zabezpieczon\u0105 powierzchni\u0119 chroni\u0107 przed wod\u0105.<br \/>Uwaga! Przy kontakcie z wilgoci\u0105 produkt krystalizuje. Dlatego nale\u017cy unika\u0107 pozostawiania odkr\u0119conego pojemnika.<br \/>Po zako\u0144czonej pracy nale\u017cy oczy\u015bci\u0107 atomizer.<br \/>Pe\u0142ne w\u0142a\u015bciwo\u015bci uzyskuje po oko\u0142o 12 godzinach.<\/p><p>Sk\u0142ad zestawu:<\/p><p>1. 1,61 Reload 50 ml z nakr\u0119tk\u0105 typu Flip-top<br \/>2. Atomizer 2 szt.<br \/>3. Mikrofibra 2 szt.<br \/>4. nalepka firmowa 1 szt.<\/p><p>*Kolory opakowa\u0144, mikrofibry oraz atomizer\u00f3w mog\u0105 si\u0119 r\u00f3\u017cni\u0107 od tych na zdj\u0119ciu.<\/p><p>\u00a0<\/p>\t\t\t\t\t\t<\/div>\n\t\t\t\t<\/div>\n\t\t\t\t\t<\/div>\n\t\t<\/div>\n\t\t\t\t\t<\/div>\n\t\t<\/section>\n\t\t\t\t<\/div>\n\t\t<!-- AddThis Advanced Settings generic via filter on the_content --><!-- AddThis Share Buttons generic via filter on the_content -->","protected":false},"excerpt":{"rendered":"<p>50 ml 1.61 Nano ceramic Reload Ze wzgl\u0119du na skuteczno\u015b\u0107, w\u0142a\u015bciwo\u015bci, \u0142atwo\u015b\u0107 aplikacji i trwa\u0142o\u015b\u0107 to jeden z najlepszych tego typu produkt\u00f3w na rynku. Nadaje si\u0119 do stosowania jako samodzielna pow\u0142oka o trwa\u0142o\u015bci 12 miesi\u0119cy. Zawiera liquid\/ \u017cywic\u0119 Neoxal 1,61 Coating, dlatego wzmacnia j\u0105, uzupe\u0142nia ubytki i maskuje zarysowania. Podnosi hydrofobowo\u015b\u0107 i wspomaga w\u0142a\u015bciwo\u015bci antyadhezyjne. &hellip;<\/p>\n<p class=\"read-more\"> <a class=\"\" href=\"http:\/\/neoxal.com\/?page_id=123&#038;lang=pl\"> <span class=\"screen-reader-text\">NEOXAL RELOAD -sealant regeneruj\u0105cy<\/span> Read More &raquo;<\/a><\/p>\n<p><!-- AddThis Advanced Settings generic via filter on get_the_excerpt --><!-- AddThis Share Buttons generic via filter on get_the_excerpt --><\/p>\n","protected":false},"author":1,"featured_media":0,"parent":0,"menu_order":0,"comment_status":"closed","ping_status":"closed","template":"","meta":[],"aioseo_notices":[],"_links":{"self":[{"href":"http:\/\/neoxal.com\/index.php?rest_route=\/wp\/v2\/pages\/123"}],"collection":[{"href":"http:\/\/neoxal.com\/index.php?rest_route=\/wp\/v2\/pages"}],"about":[{"href":"http:\/\/neoxal.com\/index.php?rest_route=\/wp\/v2\/types\/page"}],"author":[{"embeddable":true,"href":"http:\/\/neoxal.com\/index.php?rest_route=\/wp\/v2\/users\/1"}],"replies":[{"embeddable":true,"href":"http:\/\/neoxal.com\/index.php?rest_route=%2Fwp%2Fv2%2Fcomments&post=123"}],"version-history":[{"count":94,"href":"http:\/\/neoxal.com\/index.php?rest_route=\/wp\/v2\/pages\/123\/revisions"}],"predecessor-version":[{"id":2381,"href":"http:\/\/neoxal.com\/index.php?rest_route=\/wp\/v2\/pages\/123\/revisions\/2381"}],"wp:attachment":[{"href":"http:\/\/neoxal.com\/index.php?rest_route=%2Fwp%2Fv2%2Fmedia&parent=123"}],"curies":[{"name":"wp","href":"https:\/\/api.w.org\/{rel}","templated":true}]}}